?
119
What is the greatest common factor of 69589 and 55809?
689
What is the highest common factor of 126 and 549038?
14
Calculate the greatest common divisor of 292 and 131.
1
What is the highest common divisor of 2384 and 162857?
149
Calculate the greatest common divisor of 529 and 2921.
23
Calculate the greatest common factor of 15 and 8655.
15
What is the greatest common factor of 52428 and 204?
204
Calculate the highest common factor of 851 and 2576.
23
What is the highest common factor of 5532 and 28582?
922
Calculate the greatest common divisor of 5515993 and 7.
7
What is the highest common divisor of 5738 and 69762?
302
What is the greatest common factor of 808599 and 19236?
687
What is the highest common factor of 76486 and 5954?
458
Calculate the highest common divisor of 2326536 and 72.
72
What is the highest common divisor of 42 and 673232?
14
What is the highest common factor of 64 and 801728?
64
Calculate the highest common divisor of 10189 and 230803.
443
What is the highest common factor of 5727 and 3105?
69
Calculate the greatest common divisor of 9336 and 180.
12
What is the greatest common divisor of 3311 and 7623?
77
What is the highest common factor of 156 and 188084?
52
Calculate the greatest common factor of 8 and 217168.
8
What is the greatest common divisor of 27050 and 130922?
1082
Calculate the greatest common factor of 896 and 10688.
64
Calculate the highest common factor of 2955 and 1290.
15
What is the greatest common divisor of 318980 and 902?
82
Calculate the greatest common factor of 8905 and 15730.
65
What is the greatest common divisor of 40 and 12820?
20
What is the highest common divisor of 3456 and 122256?
432
Calculate the greatest common factor of 247 and 1417.
13
Calculate the greatest common divisor of 13287 and 2064.
129
What is the highest common factor of 6 and 538126?
2
Calculate the greatest common divisor of 2 and 43870.
2
What is the highest common divisor of 7236 and 3672?
108
What is the highest common factor of 16800 and 184320?
480
Calculate the greatest common factor of 224742 and 168.
42
Calculate the greatest common divisor of 896 and 392.
56
What is the greatest common divisor of 404136 and 4?
4
What is the greatest common divisor of 9372 and 19800?
132
Calculate the greatest common factor of 376 and 728.
8
What is the greatest common divisor of 38 and 507395?
19
Calculate the greatest common factor of 109605 and 15.
15
What is the highest common divisor of 13574931 and 93?
93
Calculate the greatest common factor of 16 and 5118128.
16
Calculate the highest common divisor of 33 and 146729.
11
What is the greatest common divisor of 3990 and 19285?
665
What is the highest common factor of 297 and 9075?
33
What is the highest common factor of 35742 and 1890?
42
Calculate the greatest common divisor of 15751 and 323.
19
What is the greatest common factor of 6 and 1595298?
6
Calculate the greatest common factor of 2104 and 6575.
263
What is the highest common factor of 12 and 9908?
4
What is the highest common divisor of 55781 and 40107?
461
What is the greatest common divisor of 17639 and 22760?
569
Calculate the greatest common factor of 1802 and 424.
106
What is the highest common divisor of 564 and 19693?
47
What is the greatest common factor of 584329 and 3493?
499
Calculate the highest common divisor of 1492470 and 460.
230
What is the highest common factor of 56950 and 289?
17
What is the highest common divisor of 1440 and 270?
90
Calculate the greatest common factor of 512 and 135808.
128
Calculate the highest common factor of 1616 and 1010.
202
What is the greatest common factor of 60 and 15630?
30
What is the greatest common factor of 3485 and 9635?
205
What is the greatest common divisor of 1024754 and 1066?
82
What is the greatest common factor of 1050 and 71610?
210
What is the greatest common divisor of 3550196 and 134?
134
What is the greatest common factor of 3 and 429283?
1
Calculate the greatest common factor of 190 and 112430.
10
What is the greatest common factor of 1251 and 18291?
3
What is the highest common factor of 10 and 1606?
2
What is the greatest common factor of 3067330 and 210?
70
What is the greatest common divisor of 1006740 and 510?
510
What is the highest common factor of 35 and 181790?
35
What is the greatest common factor of 22338 and 21726?
306
Calculate the highest common divisor of 856 and 28141.
107
What is the highest common divisor of 87420 and 8370?
930
Calculate the greatest common divisor of 16104 and 39894.
366
What is the highest common divisor of 2430 and 20070?
90
Calculate the greatest common factor of 13413 and 102.
51
What is the greatest common factor of 4531 and 69?
23
Calculate the greatest common factor of 1349306 and 31.
31
What is the highest common divisor of 119 and 811359?
17
What is the highest common factor of 465966 and 54?
54
Calculate the greatest common divisor of 1260 and 8016.
12
What is the highest common factor of 903 and 202401?
129
What is the greatest common divisor of 805 and 11500?
115
Calculate the greatest common factor of 675 and 326520.
45
What is the highest common factor of 1690650 and 36?
18
Calculate the greatest common factor of 136272 and 12525.
501
Calculate the highest common divisor of 85 and 35649.
17
Calculate the greatest common divisor of 1246504 and 56.
56
Calculate the greatest common divisor of 316 and 66202.
158
Calculate the greatest common factor of 10509305 and 1262.
631
Calculate the greatest common divisor of 35 and 38542.
7
What is the greatest common divisor of 4096 and 53760?
512
What is the highest common divisor of 45927 and 21?
21
Calculate the highest common divisor of 472 and 76936.
472
What is the highest common divisor of 1680 and 15612?
12
What is the greatest common divisor of 1985652 and 72?
36
What is the greatest common factor of 23256 and 10524?
12
What is the greatest common factor of 113849 and 23273?
629
Calculate the greatest common divisor of 232 and 26506.
58
Calculate the highest common factor of 11441 and 85.
17
Calculate the highest common factor of 6417 and 2511.
279
Calculate the highest common divisor of 833 and 3706.
17
Calculate the greatest common factor of 35847 and 28.
7
Calculate the highest common divisor of 5896 and 1876.
268
Calculate the highest common divisor of 244 and 29585.
61
What is the highest common divisor of 3208 and 1864?
8
Calculate the greatest common divisor of 9723 and 12831.
21
What is the highest common factor of 124768 and 1824?
32
What is the highest common divisor of 516010 and 1430?
110
What is the highest common factor of 5488 and 7252?
196
What is the highest common divisor of 12825 and 1197?
171
What is the highest common factor of 12026 and 154?
14
What is the highest common factor of 5713 and 1095714?
197
Calculate the greatest common factor of 352692 and 12.
12
Calculate the greatest common factor of 161310 and 510.
30
Calculate the greatest common divisor of 3532 and 76.
4
Calculate the greatest common divisor of 51102 and 210921.
501
What is the greatest common factor of 3662064 and 189?
189
Calculate the highest common divisor of 82 and 19.
1
Calculate the greatest common factor of 196 and 12642.
98
What is the highest common factor of 211662 and 396?
198
What is the greatest common divisor of 28 and 28?
28
What is the highest common factor of 30038 and 874?
46
Calculate the highest common factor of 207 and 19274.
23
Calculate the highest common divisor of 4077 and 1510.
151
What is the greatest common factor of 1152 and 242352?
144
What is the highest common factor of 1849264 and 3280?
656
What is the highest common factor of 4784 and 31993?
299
Calculate the greatest common divisor of 299211 and 99.
33
Calculate the greatest common divisor of 38368 and 2288.
176
Calculate the greatest common factor of 213 and 360.
3
Calculate the highest common factor of 351 and 75777.
39
What is the highest common factor of 2809 and 689?
53
What is the greatest common factor of 159 and 87821?
53
Calculate the greatest common divisor of 4 and 21748.
4
Calculate the greatest common divisor of 17986 and 230.
46
Calculate the greatest common factor of 150 and 542505.
15
What is the highest common factor of 606 and 27573?
303
What is the h